{"id":1572,"date":"2022-07-27T10:03:08","date_gmt":"2022-07-27T08:03:08","guid":{"rendered":"https:\/\/info-omer.home.pl\/autoinstalator\/wordpressplugins20\/?page_id=1572"},"modified":"2022-07-27T10:05:58","modified_gmt":"2022-07-27T08:05:58","slug":"przetargi-2018","status":"publish","type":"page","link":"https:\/\/js-jarocin.pl\/index.php\/przetargi-2018\/","title":{"rendered":"Przetargi 2018"},"content":{"rendered":"\t\t<div data-elementor-type=\"wp-page\" data-elementor-id=\"1572\" class=\"elementor elementor-1572\">\n\t\t\t\t\t\t<section class=\"elementor-section elementor-top-section elementor-element elementor-element-4032968 elementor-section-boxed elementor-section-height-default elementor-section-height-default\" data-id=\"4032968\" data-element_type=\"section\" data-e-type=\"section\">\n\t\t\t\t\t\t<div class=\"elementor-container elementor-column-gap-default\">\n\t\t\t\t\t<div class=\"elementor-column elementor-col-100 elementor-top-column elementor-element elementor-element-491ca37\" data-id=\"491ca37\" data-element_type=\"column\" data-e-type=\"column\">\n\t\t\t<div class=\"elementor-widget-wrap elementor-element-populated\">\n\t\t\t\t\t\t<div class=\"elementor-element elementor-element-55497eb elementor-widget elementor-widget-spacer\" data-id=\"55497eb\" data-element_type=\"widget\" data-e-type=\"widget\" data-widget_type=\"spacer.default\">\n\t\t\t\t<div class=\"elementor-widget-container\">\n\t\t\t\t\t\t\t<div class=\"elementor-spacer\">\n\t\t\t<div class=\"elementor-spacer-inner\"><\/div>\n\t\t<\/div>\n\t\t\t\t\t\t<\/div>\n\t\t\t\t<\/div>\n\t\t\t\t<div class=\"elementor-element elementor-element-74e006d elementor-widget elementor-widget-heading\" data-id=\"74e006d\" data-element_type=\"widget\" data-e-type=\"widget\" data-widget_type=\"heading.default\">\n\t\t\t\t<div class=\"elementor-widget-container\">\n\t\t\t\t\t<h2 class=\"elementor-heading-title elementor-size-xxl\">PRZETARGI 2018<\/h2>\t\t\t\t<\/div>\n\t\t\t\t<\/div>\n\t\t\t\t\t<\/div>\n\t\t<\/div>\n\t\t\t\t\t<\/div>\n\t\t<\/section>\n\t\t\t\t<section class=\"elementor-section elementor-top-section elementor-element elementor-element-dcdfdf8 elementor-section-content-middle elementor-section-boxed elementor-section-height-default elementor-section-height-default\" data-id=\"dcdfdf8\" data-element_type=\"section\" data-e-type=\"section\">\n\t\t\t\t\t\t<div class=\"elementor-container elementor-column-gap-default\">\n\t\t\t\t\t<div class=\"elementor-column elementor-col-50 elementor-top-column elementor-element elementor-element-8a2f027\" data-id=\"8a2f027\" data-element_type=\"column\" data-e-type=\"column\">\n\t\t\t<div class=\"elementor-widget-wrap\">\n\t\t\t\t\t\t\t<\/div>\n\t\t<\/div>\n\t\t\t\t<div class=\"elementor-column elementor-col-50 elementor-top-column elementor-element elementor-element-843f2fa\" data-id=\"843f2fa\" data-element_type=\"column\" data-e-type=\"column\">\n\t\t\t<div class=\"elementor-widget-wrap elementor-element-populated\">\n\t\t\t\t\t\t<div class=\"elementor-element elementor-element-ba1ef76 elementor-widget elementor-widget-shortcode\" data-id=\"ba1ef76\" data-element_type=\"widget\" data-e-type=\"widget\" data-widget_type=\"shortcode.default\">\n\t\t\t\t<div class=\"elementor-widget-container\">\n\t\t\t\t\t\t\t<div class=\"elementor-shortcode\"><style type='text\/css' media='all'>#rt-tpg-container-207615799 .rt-holder .rt-woo-info .price{color:#0367bf;}body .rt-tpg-container .rt-tpg-isotope-buttons .selected,\n\t\t\t\t\t#rt-tpg-container-207615799 .layout12 .rt-holder:hover .rt-detail,\n\t\t\t\t\t#rt-tpg-container-207615799 .isotope8 .rt-holder:hover .rt-detail,\n\t\t\t\t\t#rt-tpg-container-207615799 .carousel8 .rt-holder:hover .rt-detail,\n\t\t\t\t\t#rt-tpg-container-207615799 .layout13 .rt-holder .overlay .post-info,\n\t\t\t\t\t#rt-tpg-container-207615799 .isotope9 .rt-holder .overlay .post-info,\n\t\t\t\t\t#rt-tpg-container-207615799.rt-tpg-container .layout4 .rt-holder .rt-detail,\n\t\t\t\t\t.rt-modal-207615799 .md-content,\n\t\t\t\t\t.rt-modal-207615799 .md-content > .rt-md-content-holder .rt-md-content,\n\t\t\t\t\t.rt-popup-wrap-207615799.rt-popup-wrap .rt-popup-navigation-wrap,\n\t\t\t\t\t#rt-tpg-container-207615799 .carousel9 .rt-holder .overlay .post-info{background-color:#0367bf;}#rt-tpg-container-207615799 .layout5 .rt-holder .overlay, #rt-tpg-container-207615799 .isotope2 .rt-holder .overlay, #rt-tpg-container-207615799 .carousel2 .rt-holder .overlay,#rt-tpg-container-207615799 .layout15 .rt-holder h3, #rt-tpg-container-207615799 .isotope11 .rt-holder h3, #rt-tpg-container-207615799 .carousel11 .rt-holder h3, #rt-tpg-container-207615799 .layout16 .rt-holder h3,\n\t\t\t\t\t#rt-tpg-container-207615799 .isotope12 .rt-holder h3, #rt-tpg-container-207615799 .carousel12 .rt-holder h3 {background-color:rgba(3,103,191,0.8);}#rt-tpg-container-207615799 .read-more a{border-radius:px;}#rt-tpg-container-207615799 .rt-img-holder img.rt-img-responsive,#rt-tpg-container-207615799 .rt-img-holder,\n\t\t\t\t\t#rt-tpg-container-207615799 .rt-post-overlay .post-img,\n\t\t\t\t\t#rt-tpg-container-207615799 .post-sm .post-img,\n\t\t\t\t\t#rt-tpg-container-207615799 .rt-post-grid .post-img,\n\t\t\t\t\t#rt-tpg-container-207615799 .post-img img {border-radius:px;}<\/style><div class='rt-container-fluid rt-tpg-container tpg-shortcode-main-wrapper ' id='rt-tpg-container-207615799'   data-layout='layout2' data-grid-style='even' data-desktop-col='1'  data-tab-col='2'  data-mobile-col='1' data-sc-id='1574'><div data-title='Loading ...' class='rt-row rt-content-loader   layout2 tpg-even '><div class=\"rt-col-md-12 rt-col-sm-6 rt-col-xs-12 even-grid-item rt-grid-item\" data-id=\"1543\"><div class=\"rt-holder\"><div class=\"rt-row\"><div class='rt-col-xs-12'><div class='rt-detail'><h3 class=\"entry-title\"><a data-id=\"1543\" class=\" disabled\" href=\"https:\/\/js-jarocin.pl\/index.php\/2022\/07\/26\/zawiadomienie-o-uniewaznieniu-postepowania\/\">ZAWIADOMIENIE O UNIEWA\u017bNIENIU POST\u0118POWANIA<\/a><\/h3><div class='post-meta-user '><span class='date-meta'><i class='far fa-calendar-alt '><\/i>2022-07-26<\/span><\/div><div class='tpg-excerpt'><p><\/p>\n<p style=\"text-align: center\">Zawiadomienie o uniewa\u017cnieniu post\u0119powania przetargowego dla zadania inwestycyjnego: \"Budowa lodowiska - wiaty ze wszystkimi instalacjami, budowa budynku g\u0142\u00f3wnego, trzykondygnacyjnego (hol wej\u015bciowy, pomieszczenia obs\u0142ugowe, gastronomia, si\u0142ownia i ricochet, toalety, szatnie, administracja, sala wielofunkcyjna, wszystkie instalacje) drogi i doj\u015bcia - prace zabezpieczaj\u0105ce\"<\/br><br \/>\n[<a href=\"http:\/\/info-omer.home.pl\/autoinstalator\/wordpressplugins20\/wp-content\/uploads\/2022\/07\/zawiadomienie-o-uniewaznieniu-postepowania-z-dn-25-10-18.zip\">Pobierz<\/a>]<\/p>\n<p><\/p>\n<\/div><\/div><\/div><\/div><\/div><\/div><div class=\"rt-col-md-12 rt-col-sm-6 rt-col-xs-12 even-grid-item rt-grid-item\" data-id=\"1540\"><div class=\"rt-holder\"><div class=\"rt-row\"><div class='rt-col-xs-12'><div class='rt-detail'><h3 class=\"entry-title\"><a data-id=\"1540\" class=\" disabled\" href=\"https:\/\/js-jarocin.pl\/index.php\/2022\/07\/26\/informacja-z-otwarcia-ofert-7\/\">INFORMACJA Z OTWARCIA OFERT<\/a><\/h3><div class='post-meta-user '><span class='date-meta'><i class='far fa-calendar-alt '><\/i>2022-07-26<\/span><\/div><div class='tpg-excerpt'><p><\/p>\n<p style=\"text-align: center\">Informacja z otwarcia ofert z dnia 23 pa\u017adziernika 2018r. w post\u0119powaniu przetargowym dla zadania inwestycyjnego: \"Budowa lodowiska - wiaty ze wszystkimi instalacjami, budowa budynku g\u0142\u00f3wnego, trzykondygnacyjnego (hol wej\u015bciowy, pomieszczenia obs\u0142ugowe, gastronomia, si\u0142ownia i ricochet, toalety, szatnie, administracja, sala wielofunkcyjna, wszystkie instalacje) drogi i doj\u015bcia - prace zabezpieczaj\u0105ce\"<\/br><br \/>\n[<a href=\"http:\/\/info-omer.home.pl\/autoinstalator\/wordpressplugins20\/wp-content\/uploads\/2022\/07\/informacja-z-otwarcia-ofert-z-dn-23-10-2018-2.zip\">Pobierz<\/a>]<\/p>\n<p><\/p>\n<\/div><\/div><\/div><\/div><\/div><\/div><div class=\"rt-col-md-12 rt-col-sm-6 rt-col-xs-12 even-grid-item rt-grid-item\" data-id=\"1537\"><div class=\"rt-holder\"><div class=\"rt-row\"><div class='rt-col-xs-12'><div class='rt-detail'><h3 class=\"entry-title\"><a data-id=\"1537\" class=\" disabled\" href=\"https:\/\/js-jarocin.pl\/index.php\/2022\/07\/26\/ogloszenie-o-zmianie-ogloszenia-zmiana-siwz\/\">OG\u0141OSZENIE O ZMIANIE OG\u0141OSZENIA &#8211; ZMIANA SIWZ<\/a><\/h3><div class='post-meta-user '><span class='date-meta'><i class='far fa-calendar-alt '><\/i>2022-07-26<\/span><\/div><div class='tpg-excerpt'><p><\/p>\n<p style=\"text-align: center\">OG\u0141OSZENIE O ZMIANIE OG\u0141OSZENIA DOT. POST\u0118POWANIA PRZETARGOWEGO DLA ZADANIA INWESTYCYJNEGO: \"Budowa lodowiska - wiaty ze wszystkimi instalacjami, budowa budynku g\u0142\u00f3wnego, trzykondygnacyjnego (hol wej\u015bciowy, pomieszczenia obs\u0142ugowe, gastronomia, si\u0142ownia, ricochet, toalety, szatnie, administracja, sala wielofunkcyjna, wszystkie instalacje) drogi i doj\u015bcia - prace zabezpieczaj\u0105ce\"<\/br><br \/>\n[<a href=\"http:\/\/info-omer.home.pl\/autoinstalator\/wordpressplugins20\/wp-content\/uploads\/2022\/07\/zmiana-SIWZ-18-10-2018.zip\">Pobierz zmian\u0119 SIWZ<\/a>]<\/p>\n<p><\/p>\n<\/div><\/div><\/div><\/div><\/div><\/div><div class=\"rt-col-md-12 rt-col-sm-6 rt-col-xs-12 even-grid-item rt-grid-item\" data-id=\"1534\"><div class=\"rt-holder\"><div class=\"rt-row\"><div class='rt-col-xs-12'><div class='rt-detail'><h3 class=\"entry-title\"><a data-id=\"1534\" class=\" disabled\" href=\"https:\/\/js-jarocin.pl\/index.php\/2022\/07\/26\/ogloszenie-o-postepowaniu-przetargowym-2\/\">OG\u0141OSZENIE O POST\u0118POWANIU PRZETARGOWYM<\/a><\/h3><div class='post-meta-user '><span class='date-meta'><i class='far fa-calendar-alt '><\/i>2022-07-26<\/span><\/div><div class='tpg-excerpt'><p><br \/>\nOg\u0142oszenie o post\u0119powaniu przetargowym na zadanie inwestycyjne: \"Budowa lodowiska - wiaty ze wszystkimi instalacjami, budowa budynku g\u0142\u00f3wnego, trzykondygnacyjnego (hol wej\u015bciowy, pomieszczenia obs\u0142ugowe, gastronomia, si\u0142ownia i ricochet, toalety, szatnie, administracja, sala wielofunkcyjna, wszystkie instalacje) drogi i doj\u015bcia - prace zabezpieczaj\u0105ce.\"<\/br><br \/>\n[<a href=\"http:\/\/info-omer.home.pl\/autoinstalator\/wordpressplugins20\/wp-content\/uploads\/2022\/07\/prace-zabezpieczajace-5-10-2018.zip\">Pobierz SIWZ z za\u0142\u0105cznikami<\/a>]<br \/>\n<\/p>\n<\/div><\/div><\/div><\/div><\/div><\/div><div class=\"rt-col-md-12 rt-col-sm-6 rt-col-xs-12 even-grid-item rt-grid-item\" data-id=\"1531\"><div class=\"rt-holder\"><div class=\"rt-row\"><div class='rt-col-xs-12'><div class='rt-detail'><h3 class=\"entry-title\"><a data-id=\"1531\" class=\" disabled\" href=\"https:\/\/js-jarocin.pl\/index.php\/2022\/07\/26\/zawiadomienie-10\/\">ZAWIADOMIENIE<\/a><\/h3><div class='post-meta-user '><span class='date-meta'><i class='far fa-calendar-alt '><\/i>2022-07-26<\/span><\/div><div class='tpg-excerpt'><p><\/p>\n<p style=\"text-align: center\">ZAWIADOMIENIE O WYBORZE NAJKORZYSTNIEJSZEJ OFERTY <\/br><br \/>\nW POST\u0118POWANIU PRZETARGOWYM NA ZADANIE:<\/br><br \/>\n\"SPRZ\u0104TANIE POMIESZCZE\u0143 I UTRZYMANIE CZYSTO\u015aCI W OBIEKCIE AQUAPARKU W JAROCINIE\"<\/br><br \/>\n[<a href=\"http:\/\/info-omer.home.pl\/autoinstalator\/wordpressplugins20\/wp-content\/uploads\/2022\/07\/zawiadomienie-o-wyborze-najkorzystniejszej_oferty-20-04-2018.zip\">Pobierz<\/a>]<\/p>\n<p><\/p>\n<\/div><\/div><\/div><\/div><\/div><\/div><\/div><\/div><\/div>\n\t\t\t\t\t\t<\/div>\n\t\t\t\t<\/div>\n\t\t\t\t\t<\/div>\n\t\t<\/div>\n\t\t\t\t\t<\/div>\n\t\t<\/section>\n\t\t\t\t<\/div>\n\t\t","protected":false},"excerpt":{"rendered":"<p>PRZETARGI 2018<\/p>\n","protected":false},"author":2,"featured_media":0,"parent":0,"menu_order":0,"comment_status":"closed","ping_status":"closed","template":"","meta":{"site-sidebar-layout":"no-sidebar","site-content-layout":"page-builder","ast-site-content-layout":"default","site-content-style":"default","site-sidebar-style":"default","ast-global-header-display":"","ast-banner-title-visibility":"","ast-main-header-display":"","ast-hfb-above-header-display":"","ast-hfb-below-header-display":"","ast-hfb-mobile-header-display":"","site-post-title":"disabled","ast-breadcrumbs-content":"","ast-featured-img":"disabled","footer-sml-layout":"","ast-disable-related-posts":"","theme-transparent-header-meta":"","adv-header-id-meta":"","stick-header-meta":"","header-above-stick-meta":"","header-main-stick-meta":"","header-below-stick-meta":"","astra-migrate-meta-layouts":"default","ast-page-background-enabled":"default","ast-page-background-meta":{"desktop":{"background-color":"var(--ast-global-color-4)","background-image":"","background-repeat":"repeat","background-position":"center center","background-size":"auto","background-attachment":"scroll","background-type":"","background-media":"","overlay-type":"","overlay-color":"","overlay-opacity":"","overlay-gradient":""},"tablet":{"background-color":"","background-image":"","background-repeat":"repeat","background-position":"center center","background-size":"auto","background-attachment":"scroll","background-type":"","background-media":"","overlay-type":"","overlay-color":"","overlay-opacity":"","overlay-gradient":""},"mobile":{"background-color":"","background-image":"","background-repeat":"repeat","background-position":"center center","background-size":"auto","background-attachment":"scroll","background-type":"","background-media":"","overlay-type":"","overlay-color":"","overlay-opacity":"","overlay-gradient":""}},"ast-content-background-meta":{"desktop":{"background-color":"var(--ast-global-color-5)","background-image":"","background-repeat":"repeat","background-position":"center center","background-size":"auto","background-attachment":"scroll","background-type":"","background-media":"","overlay-type":"","overlay-color":"","overlay-opacity":"","overlay-gradient":""},"tablet":{"background-color":"var(--ast-global-color-5)","background-image":"","background-repeat":"repeat","background-position":"center center","background-size":"auto","background-attachment":"scroll","background-type":"","background-media":"","overlay-type":"","overlay-color":"","overlay-opacity":"","overlay-gradient":""},"mobile":{"background-color":"var(--ast-global-color-5)","background-image":"","background-repeat":"repeat","background-position":"center center","background-size":"auto","background-attachment":"scroll","background-type":"","background-media":"","overlay-type":"","overlay-color":"","overlay-opacity":"","overlay-gradient":""}},"footnotes":""},"class_list":["post-1572","page","type-page","status-publish","hentry"],"yoast_head":"<!-- This site is optimized with the Yoast SEO plugin v27.4 - https:\/\/yoast.com\/product\/yoast-seo-wordpress\/ -->\n<title>Przetargi 2018 - Jarocin-sport.com.pl<\/title>\n<meta name=\"robots\" content=\"index, follow, max-snippet:-1, max-image-preview:large, max-video-preview:-1\" \/>\n<link rel=\"canonical\" href=\"https:\/\/js-jarocin.pl\/index.php\/przetargi-2018\/\" \/>\n<meta property=\"og:locale\" content=\"pl_PL\" \/>\n<meta property=\"og:type\" content=\"article\" \/>\n<meta property=\"og:title\" content=\"Przetargi 2018 - Jarocin-sport.com.pl\" \/>\n<meta property=\"og:description\" content=\"PRZETARGI 2018\" \/>\n<meta property=\"og:url\" content=\"https:\/\/js-jarocin.pl\/index.php\/przetargi-2018\/\" \/>\n<meta property=\"og:site_name\" content=\"Jarocin-sport.com.pl\" \/>\n<meta property=\"article:modified_time\" content=\"2022-07-27T08:05:58+00:00\" \/>\n<meta name=\"twitter:card\" content=\"summary_large_image\" \/>\n<meta name=\"twitter:label1\" content=\"Szacowany czas czytania\" \/>\n\t<meta name=\"twitter:data1\" content=\"4 minuty\" \/>\n<script type=\"application\/ld+json\" class=\"yoast-schema-graph\">{\"@context\":\"https:\\\/\\\/schema.org\",\"@graph\":[{\"@type\":\"WebPage\",\"@id\":\"https:\\\/\\\/js-jarocin.pl\\\/index.php\\\/przetargi-2018\\\/\",\"url\":\"https:\\\/\\\/js-jarocin.pl\\\/index.php\\\/przetargi-2018\\\/\",\"name\":\"Przetargi 2018 - Jarocin-sport.com.pl\",\"isPartOf\":{\"@id\":\"https:\\\/\\\/js-jarocin.pl\\\/#website\"},\"datePublished\":\"2022-07-27T08:03:08+00:00\",\"dateModified\":\"2022-07-27T08:05:58+00:00\",\"breadcrumb\":{\"@id\":\"https:\\\/\\\/js-jarocin.pl\\\/index.php\\\/przetargi-2018\\\/#breadcrumb\"},\"inLanguage\":\"pl-PL\",\"potentialAction\":[{\"@type\":\"ReadAction\",\"target\":[\"https:\\\/\\\/js-jarocin.pl\\\/index.php\\\/przetargi-2018\\\/\"]}]},{\"@type\":\"BreadcrumbList\",\"@id\":\"https:\\\/\\\/js-jarocin.pl\\\/index.php\\\/przetargi-2018\\\/#breadcrumb\",\"itemListElement\":[{\"@type\":\"ListItem\",\"position\":1,\"name\":\"Home\",\"item\":\"https:\\\/\\\/js-jarocin.pl\\\/\"},{\"@type\":\"ListItem\",\"position\":2,\"name\":\"Przetargi 2018\"}]},{\"@type\":\"WebSite\",\"@id\":\"https:\\\/\\\/js-jarocin.pl\\\/#website\",\"url\":\"https:\\\/\\\/js-jarocin.pl\\\/\",\"name\":\"Jarocin-sport.com.pl\",\"description\":\"Jarocin-sport\",\"potentialAction\":[{\"@type\":\"SearchAction\",\"target\":{\"@type\":\"EntryPoint\",\"urlTemplate\":\"https:\\\/\\\/js-jarocin.pl\\\/?s={search_term_string}\"},\"query-input\":{\"@type\":\"PropertyValueSpecification\",\"valueRequired\":true,\"valueName\":\"search_term_string\"}}],\"inLanguage\":\"pl-PL\"}]}<\/script>\n<!-- \/ Yoast SEO plugin. -->","yoast_head_json":{"title":"Przetargi 2018 - Jarocin-sport.com.pl","robots":{"index":"index","follow":"follow","max-snippet":"max-snippet:-1","max-image-preview":"max-image-preview:large","max-video-preview":"max-video-preview:-1"},"canonical":"https:\/\/js-jarocin.pl\/index.php\/przetargi-2018\/","og_locale":"pl_PL","og_type":"article","og_title":"Przetargi 2018 - Jarocin-sport.com.pl","og_description":"PRZETARGI 2018","og_url":"https:\/\/js-jarocin.pl\/index.php\/przetargi-2018\/","og_site_name":"Jarocin-sport.com.pl","article_modified_time":"2022-07-27T08:05:58+00:00","twitter_card":"summary_large_image","twitter_misc":{"Szacowany czas czytania":"4 minuty"},"schema":{"@context":"https:\/\/schema.org","@graph":[{"@type":"WebPage","@id":"https:\/\/js-jarocin.pl\/index.php\/przetargi-2018\/","url":"https:\/\/js-jarocin.pl\/index.php\/przetargi-2018\/","name":"Przetargi 2018 - Jarocin-sport.com.pl","isPartOf":{"@id":"https:\/\/js-jarocin.pl\/#website"},"datePublished":"2022-07-27T08:03:08+00:00","dateModified":"2022-07-27T08:05:58+00:00","breadcrumb":{"@id":"https:\/\/js-jarocin.pl\/index.php\/przetargi-2018\/#breadcrumb"},"inLanguage":"pl-PL","potentialAction":[{"@type":"ReadAction","target":["https:\/\/js-jarocin.pl\/index.php\/przetargi-2018\/"]}]},{"@type":"BreadcrumbList","@id":"https:\/\/js-jarocin.pl\/index.php\/przetargi-2018\/#breadcrumb","itemListElement":[{"@type":"ListItem","position":1,"name":"Home","item":"https:\/\/js-jarocin.pl\/"},{"@type":"ListItem","position":2,"name":"Przetargi 2018"}]},{"@type":"WebSite","@id":"https:\/\/js-jarocin.pl\/#website","url":"https:\/\/js-jarocin.pl\/","name":"Jarocin-sport.com.pl","description":"Jarocin-sport","potentialAction":[{"@type":"SearchAction","target":{"@type":"EntryPoint","urlTemplate":"https:\/\/js-jarocin.pl\/?s={search_term_string}"},"query-input":{"@type":"PropertyValueSpecification","valueRequired":true,"valueName":"search_term_string"}}],"inLanguage":"pl-PL"}]}},"rttpg_featured_image_url":null,"rttpg_author":{"display_name":"serwis","author_link":"https:\/\/js-jarocin.pl\/index.php\/author\/serwis\/"},"rttpg_comment":0,"rttpg_category":"","rttpg_excerpt":"PRZETARGI 2018","_links":{"self":[{"href":"https:\/\/js-jarocin.pl\/index.php\/wp-json\/wp\/v2\/pages\/1572","targetHints":{"allow":["GET"]}}],"collection":[{"href":"https:\/\/js-jarocin.pl\/index.php\/wp-json\/wp\/v2\/pages"}],"about":[{"href":"https:\/\/js-jarocin.pl\/index.php\/wp-json\/wp\/v2\/types\/page"}],"author":[{"embeddable":true,"href":"https:\/\/js-jarocin.pl\/index.php\/wp-json\/wp\/v2\/users\/2"}],"replies":[{"embeddable":true,"href":"https:\/\/js-jarocin.pl\/index.php\/wp-json\/wp\/v2\/comments?post=1572"}],"version-history":[{"count":4,"href":"https:\/\/js-jarocin.pl\/index.php\/wp-json\/wp\/v2\/pages\/1572\/revisions"}],"predecessor-version":[{"id":1578,"href":"https:\/\/js-jarocin.pl\/index.php\/wp-json\/wp\/v2\/pages\/1572\/revisions\/1578"}],"wp:attachment":[{"href":"https:\/\/js-jarocin.pl\/index.php\/wp-json\/wp\/v2\/media?parent=1572"}],"curies":[{"name":"wp","href":"https:\/\/api.w.org\/{rel}","templated":true}]}}