{"id":1700,"date":"2022-08-12T12:46:37","date_gmt":"2022-08-12T10:46:37","guid":{"rendered":"https:\/\/info-omer.home.pl\/autoinstalator\/wordpressplugins20\/?page_id=1700"},"modified":"2025-12-04T10:16:39","modified_gmt":"2025-12-04T09:16:39","slug":"stadion-lekkoatletyczny","status":"publish","type":"page","link":"https:\/\/js-jarocin.pl\/index.php\/oferta\/stadion-lekkoatletyczny\/","title":{"rendered":"Stadion lekkoatletyczny"},"content":{"rendered":"\t\t<div data-elementor-type=\"wp-page\" data-elementor-id=\"1700\" class=\"elementor elementor-1700\">\n\t\t\t\t\t\t<section class=\"elementor-section elementor-top-section elementor-element elementor-element-0f551fa elementor-section-boxed elementor-section-height-default elementor-section-height-default\" data-id=\"0f551fa\" data-element_type=\"section\" data-e-type=\"section\">\n\t\t\t\t\t\t<div class=\"elementor-container elementor-column-gap-default\">\n\t\t\t\t\t<div class=\"elementor-column elementor-col-100 elementor-top-column elementor-element elementor-element-5a0fae2\" data-id=\"5a0fae2\" data-element_type=\"column\" data-e-type=\"column\">\n\t\t\t<div class=\"elementor-widget-wrap elementor-element-populated\">\n\t\t\t\t\t\t<div class=\"elementor-element elementor-element-e2aab76 elementor-widget elementor-widget-spacer\" data-id=\"e2aab76\" data-element_type=\"widget\" data-e-type=\"widget\" data-widget_type=\"spacer.default\">\n\t\t\t\t<div class=\"elementor-widget-container\">\n\t\t\t\t\t\t\t<div class=\"elementor-spacer\">\n\t\t\t<div class=\"elementor-spacer-inner\"><\/div>\n\t\t<\/div>\n\t\t\t\t\t\t<\/div>\n\t\t\t\t<\/div>\n\t\t\t\t<div class=\"elementor-element elementor-element-7687819 elementor-widget elementor-widget-heading\" data-id=\"7687819\" data-element_type=\"widget\" data-e-type=\"widget\" data-widget_type=\"heading.default\">\n\t\t\t\t<div class=\"elementor-widget-container\">\n\t\t\t\t\t<h2 class=\"elementor-heading-title elementor-size-xxl\">STADION LEKKOATLETYCZNY<\/h2>\t\t\t\t<\/div>\n\t\t\t\t<\/div>\n\t\t\t\t\t<\/div>\n\t\t<\/div>\n\t\t\t\t\t<\/div>\n\t\t<\/section>\n\t\t\t\t<section class=\"elementor-section elementor-top-section elementor-element elementor-element-d011666 animated-slow elementor-section-boxed elementor-section-height-default elementor-section-height-default elementor-invisible\" data-id=\"d011666\" data-element_type=\"section\" data-e-type=\"section\" data-settings=\"{&quot;animation&quot;:&quot;fadeIn&quot;,&quot;animation_delay&quot;:1000}\">\n\t\t\t\t\t\t<div class=\"elementor-container elementor-column-gap-default\">\n\t\t\t\t\t<div class=\"elementor-column elementor-col-50 elementor-top-column elementor-element elementor-element-a29c15c\" data-id=\"a29c15c\" data-element_type=\"column\" data-e-type=\"column\">\n\t\t\t<div class=\"elementor-widget-wrap elementor-element-populated\">\n\t\t\t\t\t\t<div class=\"elementor-element elementor-element-b5b4caf elementor-widget elementor-widget-image\" data-id=\"b5b4caf\" data-element_type=\"widget\" data-e-type=\"widget\" data-widget_type=\"image.default\">\n\t\t\t\t<div class=\"elementor-widget-container\">\n\t\t\t\t\t\t\t\t\t\t\t\t\t\t\t<img fetchpriority=\"high\" decoding=\"async\" width=\"686\" height=\"1024\" src=\"https:\/\/js-jarocin.pl\/wp-content\/uploads\/2025\/12\/bieznia-686x1024.jpg\" class=\"attachment-large size-large wp-image-4408\" alt=\"\" srcset=\"https:\/\/js-jarocin.pl\/wp-content\/uploads\/2025\/12\/bieznia-686x1024.jpg 686w, https:\/\/js-jarocin.pl\/wp-content\/uploads\/2025\/12\/bieznia-201x300.jpg 201w, https:\/\/js-jarocin.pl\/wp-content\/uploads\/2025\/12\/bieznia-768x1147.jpg 768w, https:\/\/js-jarocin.pl\/wp-content\/uploads\/2025\/12\/bieznia-1028x1536.jpg 1028w, https:\/\/js-jarocin.pl\/wp-content\/uploads\/2025\/12\/bieznia-1371x2048.jpg 1371w, https:\/\/js-jarocin.pl\/wp-content\/uploads\/2025\/12\/bieznia.jpg 1600w\" sizes=\"(max-width: 686px) 100vw, 686px\" \/>\t\t\t\t\t\t\t\t\t\t\t\t\t\t\t<\/div>\n\t\t\t\t<\/div>\n\t\t\t\t\t<\/div>\n\t\t<\/div>\n\t\t\t\t<div class=\"elementor-column elementor-col-50 elementor-top-column elementor-element elementor-element-3265b73\" data-id=\"3265b73\" data-element_type=\"column\" data-e-type=\"column\">\n\t\t\t<div class=\"elementor-widget-wrap elementor-element-populated\">\n\t\t\t\t\t\t<div class=\"elementor-element elementor-element-c539346 elementor-widget elementor-widget-text-editor\" data-id=\"c539346\" data-element_type=\"widget\" data-e-type=\"widget\" data-widget_type=\"text-editor.default\">\n\t\t\t\t<div class=\"elementor-widget-container\">\n\t\t\t\t\t\t\t\t\tZ my\u015bl\u0105 o biegaczach i skoczkach przygotowali\u015bmy:\n<ul>\n \t<li>Bie\u017cni\u0119 tartanow\u0105<strong><span style=\"color: red;\"> 4-torow\u0105\u00a0(400 m)<\/strong><\/span>.<\/li>\n \t<li>Bie\u017cni\u0119 tartanow\u0105<strong><span style=\"color: red;\"> 6-torow\u0105 (100 m)<\/strong><\/span>.<\/li>\n \t<li>Skoczni\u0119 <strong><span style=\"color: red;\">dwustronn\u0105<\/strong><\/span> do skoku w dal i tr\u00f3jskoku.<\/li>\n \t<li>Skoczni\u0119 do <strong><span style=\"color: red;\">skoku wzwy\u017c<\/strong><\/span><\/li>\n<\/ul>\t\t\t\t\t\t\t\t<\/div>\n\t\t\t\t<\/div>\n\t\t\t\t\t<\/div>\n\t\t<\/div>\n\t\t\t\t\t<\/div>\n\t\t<\/section>\n\t\t\t\t<\/div>\n\t\t","protected":false},"excerpt":{"rendered":"<p>STADION LEKKOATLETYCZNY Z my\u015bl\u0105 o biegaczach i skoczkach przygotowali\u015bmy: Bie\u017cni\u0119 tartanow\u0105 4-torow\u0105\u00a0(400 m). Bie\u017cni\u0119 tartanow\u0105 6-torow\u0105 (100 m). Skoczni\u0119 dwustronn\u0105 do skoku w dal i tr\u00f3jskoku. Skoczni\u0119 do skoku wzwy\u017c<\/p>\n","protected":false},"author":2,"featured_media":0,"parent":471,"menu_order":0,"comment_status":"closed","ping_status":"closed","template":"","meta":{"site-sidebar-layout":"no-sidebar","site-content-layout":"page-builder","ast-site-content-layout":"default","site-content-style":"default","site-sidebar-style":"default","ast-global-header-display":"","ast-banner-title-visibility":"","ast-main-header-display":"","ast-hfb-above-header-display":"","ast-hfb-below-header-display":"","ast-hfb-mobile-header-display":"","site-post-title":"disabled","ast-breadcrumbs-content":"","ast-featured-img":"disabled","footer-sml-layout":"","ast-disable-related-posts":"","theme-transparent-header-meta":"","adv-header-id-meta":"","stick-header-meta":"","header-above-stick-meta":"","header-main-stick-meta":"","header-below-stick-meta":"","astra-migrate-meta-layouts":"default","ast-page-background-enabled":"default","ast-page-background-meta":{"desktop":{"background-color":"var(--ast-global-color-4)","background-image":"","background-repeat":"repeat","background-position":"center center","background-size":"auto","background-attachment":"scroll","background-type":"","background-media":"","overlay-type":"","overlay-color":"","overlay-opacity":"","overlay-gradient":""},"tablet":{"background-color":"","background-image":"","background-repeat":"repeat","background-position":"center center","background-size":"auto","background-attachment":"scroll","background-type":"","background-media":"","overlay-type":"","overlay-color":"","overlay-opacity":"","overlay-gradient":""},"mobile":{"background-color":"","background-image":"","background-repeat":"repeat","background-position":"center center","background-size":"auto","background-attachment":"scroll","background-type":"","background-media":"","overlay-type":"","overlay-color":"","overlay-opacity":"","overlay-gradient":""}},"ast-content-background-meta":{"desktop":{"background-color":"var(--ast-global-color-5)","background-image":"","background-repeat":"repeat","background-position":"center center","background-size":"auto","background-attachment":"scroll","background-type":"","background-media":"","overlay-type":"","overlay-color":"","overlay-opacity":"","overlay-gradient":""},"tablet":{"background-color":"var(--ast-global-color-5)","background-image":"","background-repeat":"repeat","background-position":"center center","background-size":"auto","background-attachment":"scroll","background-type":"","background-media":"","overlay-type":"","overlay-color":"","overlay-opacity":"","overlay-gradient":""},"mobile":{"background-color":"var(--ast-global-color-5)","background-image":"","background-repeat":"repeat","background-position":"center center","background-size":"auto","background-attachment":"scroll","background-type":"","background-media":"","overlay-type":"","overlay-color":"","overlay-opacity":"","overlay-gradient":""}},"footnotes":""},"class_list":["post-1700","page","type-page","status-publish","hentry"],"yoast_head":"<!-- This site is optimized with the Yoast SEO plugin v27.4 - https:\/\/yoast.com\/product\/yoast-seo-wordpress\/ -->\n<title>Stadion lekkoatletyczny - Jarocin-sport.com.pl<\/title>\n<meta name=\"robots\" content=\"index, follow, max-snippet:-1, max-image-preview:large, max-video-preview:-1\" \/>\n<link rel=\"canonical\" href=\"https:\/\/js-jarocin.pl\/index.php\/oferta\/stadion-lekkoatletyczny\/\" \/>\n<meta property=\"og:locale\" content=\"pl_PL\" \/>\n<meta property=\"og:type\" content=\"article\" \/>\n<meta property=\"og:title\" content=\"Stadion lekkoatletyczny - Jarocin-sport.com.pl\" \/>\n<meta property=\"og:description\" content=\"STADION LEKKOATLETYCZNY Z my\u015bl\u0105 o biegaczach i skoczkach przygotowali\u015bmy: Bie\u017cni\u0119 tartanow\u0105 4-torow\u0105\u00a0(400 m). Bie\u017cni\u0119 tartanow\u0105 6-torow\u0105 (100 m). Skoczni\u0119 dwustronn\u0105 do skoku w dal i tr\u00f3jskoku. Skoczni\u0119 do skoku wzwy\u017c\" \/>\n<meta property=\"og:url\" content=\"https:\/\/js-jarocin.pl\/index.php\/oferta\/stadion-lekkoatletyczny\/\" \/>\n<meta property=\"og:site_name\" content=\"Jarocin-sport.com.pl\" \/>\n<meta property=\"article:modified_time\" content=\"2025-12-04T09:16:39+00:00\" \/>\n<meta property=\"og:image\" content=\"https:\/\/js-jarocin.pl\/wp-content\/uploads\/2025\/12\/bieznia.jpg\" \/>\n\t<meta property=\"og:image:width\" content=\"1600\" \/>\n\t<meta property=\"og:image:height\" content=\"2390\" \/>\n\t<meta property=\"og:image:type\" content=\"image\/jpeg\" \/>\n<meta name=\"twitter:card\" content=\"summary_large_image\" \/>\n<meta name=\"twitter:label1\" content=\"Szacowany czas czytania\" \/>\n\t<meta name=\"twitter:data1\" content=\"1 minuta\" \/>\n<script type=\"application\/ld+json\" class=\"yoast-schema-graph\">{\"@context\":\"https:\\\/\\\/schema.org\",\"@graph\":[{\"@type\":\"WebPage\",\"@id\":\"https:\\\/\\\/js-jarocin.pl\\\/index.php\\\/oferta\\\/stadion-lekkoatletyczny\\\/\",\"url\":\"https:\\\/\\\/js-jarocin.pl\\\/index.php\\\/oferta\\\/stadion-lekkoatletyczny\\\/\",\"name\":\"Stadion lekkoatletyczny - Jarocin-sport.com.pl\",\"isPartOf\":{\"@id\":\"https:\\\/\\\/js-jarocin.pl\\\/#website\"},\"primaryImageOfPage\":{\"@id\":\"https:\\\/\\\/js-jarocin.pl\\\/index.php\\\/oferta\\\/stadion-lekkoatletyczny\\\/#primaryimage\"},\"image\":{\"@id\":\"https:\\\/\\\/js-jarocin.pl\\\/index.php\\\/oferta\\\/stadion-lekkoatletyczny\\\/#primaryimage\"},\"thumbnailUrl\":\"https:\\\/\\\/js-jarocin.pl\\\/wp-content\\\/uploads\\\/2025\\\/12\\\/bieznia-686x1024.jpg\",\"datePublished\":\"2022-08-12T10:46:37+00:00\",\"dateModified\":\"2025-12-04T09:16:39+00:00\",\"breadcrumb\":{\"@id\":\"https:\\\/\\\/js-jarocin.pl\\\/index.php\\\/oferta\\\/stadion-lekkoatletyczny\\\/#breadcrumb\"},\"inLanguage\":\"pl-PL\",\"potentialAction\":[{\"@type\":\"ReadAction\",\"target\":[\"https:\\\/\\\/js-jarocin.pl\\\/index.php\\\/oferta\\\/stadion-lekkoatletyczny\\\/\"]}]},{\"@type\":\"ImageObject\",\"inLanguage\":\"pl-PL\",\"@id\":\"https:\\\/\\\/js-jarocin.pl\\\/index.php\\\/oferta\\\/stadion-lekkoatletyczny\\\/#primaryimage\",\"url\":\"https:\\\/\\\/js-jarocin.pl\\\/wp-content\\\/uploads\\\/2025\\\/12\\\/bieznia.jpg\",\"contentUrl\":\"https:\\\/\\\/js-jarocin.pl\\\/wp-content\\\/uploads\\\/2025\\\/12\\\/bieznia.jpg\",\"width\":1600,\"height\":2390},{\"@type\":\"BreadcrumbList\",\"@id\":\"https:\\\/\\\/js-jarocin.pl\\\/index.php\\\/oferta\\\/stadion-lekkoatletyczny\\\/#breadcrumb\",\"itemListElement\":[{\"@type\":\"ListItem\",\"position\":1,\"name\":\"Home\",\"item\":\"https:\\\/\\\/js-jarocin.pl\\\/\"},{\"@type\":\"ListItem\",\"position\":2,\"name\":\"Oferta\",\"item\":\"https:\\\/\\\/js-jarocin.pl\\\/index.php\\\/oferta\\\/\"},{\"@type\":\"ListItem\",\"position\":3,\"name\":\"Stadion lekkoatletyczny\"}]},{\"@type\":\"WebSite\",\"@id\":\"https:\\\/\\\/js-jarocin.pl\\\/#website\",\"url\":\"https:\\\/\\\/js-jarocin.pl\\\/\",\"name\":\"Jarocin-sport.com.pl\",\"description\":\"Jarocin-sport\",\"potentialAction\":[{\"@type\":\"SearchAction\",\"target\":{\"@type\":\"EntryPoint\",\"urlTemplate\":\"https:\\\/\\\/js-jarocin.pl\\\/?s={search_term_string}\"},\"query-input\":{\"@type\":\"PropertyValueSpecification\",\"valueRequired\":true,\"valueName\":\"search_term_string\"}}],\"inLanguage\":\"pl-PL\"}]}<\/script>\n<!-- \/ Yoast SEO plugin. -->","yoast_head_json":{"title":"Stadion lekkoatletyczny - Jarocin-sport.com.pl","robots":{"index":"index","follow":"follow","max-snippet":"max-snippet:-1","max-image-preview":"max-image-preview:large","max-video-preview":"max-video-preview:-1"},"canonical":"https:\/\/js-jarocin.pl\/index.php\/oferta\/stadion-lekkoatletyczny\/","og_locale":"pl_PL","og_type":"article","og_title":"Stadion lekkoatletyczny - Jarocin-sport.com.pl","og_description":"STADION LEKKOATLETYCZNY Z my\u015bl\u0105 o biegaczach i skoczkach przygotowali\u015bmy: Bie\u017cni\u0119 tartanow\u0105 4-torow\u0105\u00a0(400 m). Bie\u017cni\u0119 tartanow\u0105 6-torow\u0105 (100 m). Skoczni\u0119 dwustronn\u0105 do skoku w dal i tr\u00f3jskoku. Skoczni\u0119 do skoku wzwy\u017c","og_url":"https:\/\/js-jarocin.pl\/index.php\/oferta\/stadion-lekkoatletyczny\/","og_site_name":"Jarocin-sport.com.pl","article_modified_time":"2025-12-04T09:16:39+00:00","og_image":[{"width":1600,"height":2390,"url":"https:\/\/js-jarocin.pl\/wp-content\/uploads\/2025\/12\/bieznia.jpg","type":"image\/jpeg"}],"twitter_card":"summary_large_image","twitter_misc":{"Szacowany czas czytania":"1 minuta"},"schema":{"@context":"https:\/\/schema.org","@graph":[{"@type":"WebPage","@id":"https:\/\/js-jarocin.pl\/index.php\/oferta\/stadion-lekkoatletyczny\/","url":"https:\/\/js-jarocin.pl\/index.php\/oferta\/stadion-lekkoatletyczny\/","name":"Stadion lekkoatletyczny - Jarocin-sport.com.pl","isPartOf":{"@id":"https:\/\/js-jarocin.pl\/#website"},"primaryImageOfPage":{"@id":"https:\/\/js-jarocin.pl\/index.php\/oferta\/stadion-lekkoatletyczny\/#primaryimage"},"image":{"@id":"https:\/\/js-jarocin.pl\/index.php\/oferta\/stadion-lekkoatletyczny\/#primaryimage"},"thumbnailUrl":"https:\/\/js-jarocin.pl\/wp-content\/uploads\/2025\/12\/bieznia-686x1024.jpg","datePublished":"2022-08-12T10:46:37+00:00","dateModified":"2025-12-04T09:16:39+00:00","breadcrumb":{"@id":"https:\/\/js-jarocin.pl\/index.php\/oferta\/stadion-lekkoatletyczny\/#breadcrumb"},"inLanguage":"pl-PL","potentialAction":[{"@type":"ReadAction","target":["https:\/\/js-jarocin.pl\/index.php\/oferta\/stadion-lekkoatletyczny\/"]}]},{"@type":"ImageObject","inLanguage":"pl-PL","@id":"https:\/\/js-jarocin.pl\/index.php\/oferta\/stadion-lekkoatletyczny\/#primaryimage","url":"https:\/\/js-jarocin.pl\/wp-content\/uploads\/2025\/12\/bieznia.jpg","contentUrl":"https:\/\/js-jarocin.pl\/wp-content\/uploads\/2025\/12\/bieznia.jpg","width":1600,"height":2390},{"@type":"BreadcrumbList","@id":"https:\/\/js-jarocin.pl\/index.php\/oferta\/stadion-lekkoatletyczny\/#breadcrumb","itemListElement":[{"@type":"ListItem","position":1,"name":"Home","item":"https:\/\/js-jarocin.pl\/"},{"@type":"ListItem","position":2,"name":"Oferta","item":"https:\/\/js-jarocin.pl\/index.php\/oferta\/"},{"@type":"ListItem","position":3,"name":"Stadion lekkoatletyczny"}]},{"@type":"WebSite","@id":"https:\/\/js-jarocin.pl\/#website","url":"https:\/\/js-jarocin.pl\/","name":"Jarocin-sport.com.pl","description":"Jarocin-sport","potentialAction":[{"@type":"SearchAction","target":{"@type":"EntryPoint","urlTemplate":"https:\/\/js-jarocin.pl\/?s={search_term_string}"},"query-input":{"@type":"PropertyValueSpecification","valueRequired":true,"valueName":"search_term_string"}}],"inLanguage":"pl-PL"}]}},"rttpg_featured_image_url":null,"rttpg_author":{"display_name":"serwis","author_link":"https:\/\/js-jarocin.pl\/index.php\/author\/serwis\/"},"rttpg_comment":0,"rttpg_category":null,"rttpg_excerpt":"STADION LEKKOATLETYCZNY Z my\u015bl\u0105 o biegaczach i skoczkach przygotowali\u015bmy: Bie\u017cni\u0119 tartanow\u0105 4-torow\u0105\u00a0(400 m). Bie\u017cni\u0119 tartanow\u0105 6-torow\u0105 (100 m). Skoczni\u0119 dwustronn\u0105 do skoku w dal i tr\u00f3jskoku. Skoczni\u0119 do skoku wzwy\u017c","_links":{"self":[{"href":"https:\/\/js-jarocin.pl\/index.php\/wp-json\/wp\/v2\/pages\/1700","targetHints":{"allow":["GET"]}}],"collection":[{"href":"https:\/\/js-jarocin.pl\/index.php\/wp-json\/wp\/v2\/pages"}],"about":[{"href":"https:\/\/js-jarocin.pl\/index.php\/wp-json\/wp\/v2\/types\/page"}],"author":[{"embeddable":true,"href":"https:\/\/js-jarocin.pl\/index.php\/wp-json\/wp\/v2\/users\/2"}],"replies":[{"embeddable":true,"href":"https:\/\/js-jarocin.pl\/index.php\/wp-json\/wp\/v2\/comments?post=1700"}],"version-history":[{"count":8,"href":"https:\/\/js-jarocin.pl\/index.php\/wp-json\/wp\/v2\/pages\/1700\/revisions"}],"predecessor-version":[{"id":4411,"href":"https:\/\/js-jarocin.pl\/index.php\/wp-json\/wp\/v2\/pages\/1700\/revisions\/4411"}],"up":[{"embeddable":true,"href":"https:\/\/js-jarocin.pl\/index.php\/wp-json\/wp\/v2\/pages\/471"}],"wp:attachment":[{"href":"https:\/\/js-jarocin.pl\/index.php\/wp-json\/wp\/v2\/media?parent=1700"}],"curies":[{"name":"wp","href":"https:\/\/api.w.org\/{rel}","templated":true}]}}