{"id":3643,"date":"2024-04-23T10:21:46","date_gmt":"2024-04-23T08:21:46","guid":{"rendered":"https:\/\/js-jarocin.pl\/?page_id=3643"},"modified":"2025-12-03T10:40:18","modified_gmt":"2025-12-03T09:40:18","slug":"vouchery-prezentowe-gadzety","status":"publish","type":"page","link":"https:\/\/js-jarocin.pl\/index.php\/vouchery-prezentowe-gadzety\/","title":{"rendered":"Vouchery prezentowe \/ gad\u017cety"},"content":{"rendered":"\t\t<div data-elementor-type=\"wp-page\" data-elementor-id=\"3643\" class=\"elementor elementor-3643\">\n\t\t\t\t\t\t<section class=\"elementor-section elementor-top-section elementor-element elementor-element-a2d86fe elementor-section-boxed elementor-section-height-default elementor-section-height-default\" data-id=\"a2d86fe\" data-element_type=\"section\" data-e-type=\"section\">\n\t\t\t\t\t\t<div class=\"elementor-container elementor-column-gap-default\">\n\t\t\t\t\t<div class=\"elementor-column elementor-col-100 elementor-top-column elementor-element elementor-element-35eb912\" data-id=\"35eb912\" data-element_type=\"column\" data-e-type=\"column\">\n\t\t\t<div class=\"elementor-widget-wrap elementor-element-populated\">\n\t\t\t\t\t\t<div class=\"elementor-element elementor-element-5bcddb9 elementor-widget elementor-widget-spacer\" data-id=\"5bcddb9\" data-element_type=\"widget\" data-e-type=\"widget\" data-widget_type=\"spacer.default\">\n\t\t\t\t<div class=\"elementor-widget-container\">\n\t\t\t\t\t\t\t<div class=\"elementor-spacer\">\n\t\t\t<div class=\"elementor-spacer-inner\"><\/div>\n\t\t<\/div>\n\t\t\t\t\t\t<\/div>\n\t\t\t\t<\/div>\n\t\t\t\t<div class=\"elementor-element elementor-element-d390297 elementor-widget elementor-widget-heading\" data-id=\"d390297\" data-element_type=\"widget\" data-e-type=\"widget\" data-widget_type=\"heading.default\">\n\t\t\t\t<div class=\"elementor-widget-container\">\n\t\t\t\t\t<h2 class=\"elementor-heading-title elementor-size-xxl\">VOUCHERY PREZENTOWE<\/h2>\t\t\t\t<\/div>\n\t\t\t\t<\/div>\n\t\t\t\t\t<\/div>\n\t\t<\/div>\n\t\t\t\t\t<\/div>\n\t\t<\/section>\n\t\t\t\t<section class=\"elementor-section elementor-top-section elementor-element elementor-element-727b7fa elementor-section-boxed elementor-section-height-default elementor-section-height-default\" data-id=\"727b7fa\" data-element_type=\"section\" data-e-type=\"section\">\n\t\t\t\t\t\t<div class=\"elementor-container elementor-column-gap-default\">\n\t\t\t\t\t<div class=\"elementor-column elementor-col-50 elementor-top-column elementor-element elementor-element-e9950fd\" data-id=\"e9950fd\" data-element_type=\"column\" data-e-type=\"column\">\n\t\t\t<div class=\"elementor-widget-wrap elementor-element-populated\">\n\t\t\t\t\t\t<div class=\"elementor-element elementor-element-b8f2444 elementor-widget elementor-widget-text-editor\" data-id=\"b8f2444\" data-element_type=\"widget\" data-e-type=\"widget\" data-widget_type=\"text-editor.default\">\n\t\t\t\t<div class=\"elementor-widget-container\">\n\t\t\t\t\t\t\t\t\tSzukasz\u00a0<strong><span style=\"color: red;\">idealnego prezentu<\/strong>, ale nie masz pomys\u0142u? Mamy na to spos\u00f3b. Podaruj ukochanej osobie\u00a0<strong><span style=\"color: red;\">prezent, kt\u00f3ry z pewno\u015bci\u0105 wykorzysta<\/strong>. Nasz voucher podarunkowy obejmuje ca\u0142y obiekt Jarocin Sport, co oznacza, \u017ce za wybran\u0105 przez Ciebie kwot\u0119 mo\u017cna go u\u017cy\u0107 nie tylko w Hotelu Jarota, czy Aquaparku, ale r\u00f3wnie\u017c w Restauracji&amp;Kr\u0119gielni Green Room, Lodowisku i w S\u0142onym Karmelu. Voucher do nabycia stacjonarnie w biurze Jarocin Sport, ul. Sportowa 6D, 63-200 Jarocin.\t\t\t\t\t\t\t\t<\/div>\n\t\t\t\t<\/div>\n\t\t\t\t<div class=\"elementor-element elementor-element-cea9553 elementor-widget elementor-widget-image\" data-id=\"cea9553\" data-element_type=\"widget\" data-e-type=\"widget\" data-widget_type=\"image.default\">\n\t\t\t\t<div class=\"elementor-widget-container\">\n\t\t\t\t\t\t\t\t\t\t\t\t\t\t\t<img fetchpriority=\"high\" decoding=\"async\" width=\"1024\" height=\"1024\" src=\"https:\/\/js-jarocin.pl\/wp-content\/uploads\/2025\/12\/voucher-1024x1024.jpg\" class=\"attachment-large size-large wp-image-4383\" alt=\"\" srcset=\"https:\/\/js-jarocin.pl\/wp-content\/uploads\/2025\/12\/voucher-1024x1024.jpg 1024w, https:\/\/js-jarocin.pl\/wp-content\/uploads\/2025\/12\/voucher-300x300.jpg 300w, https:\/\/js-jarocin.pl\/wp-content\/uploads\/2025\/12\/voucher-150x150.jpg 150w, https:\/\/js-jarocin.pl\/wp-content\/uploads\/2025\/12\/voucher-768x768.jpg 768w, https:\/\/js-jarocin.pl\/wp-content\/uploads\/2025\/12\/voucher.jpg 1080w\" sizes=\"(max-width: 1024px) 100vw, 1024px\" \/>\t\t\t\t\t\t\t\t\t\t\t\t\t\t\t<\/div>\n\t\t\t\t<\/div>\n\t\t\t\t\t<\/div>\n\t\t<\/div>\n\t\t\t\t<div class=\"elementor-column elementor-col-50 elementor-top-column elementor-element elementor-element-b37c57c\" data-id=\"b37c57c\" data-element_type=\"column\" data-e-type=\"column\">\n\t\t\t<div class=\"elementor-widget-wrap elementor-element-populated\">\n\t\t\t\t\t\t<div class=\"elementor-element elementor-element-43a26c8 elementor-widget elementor-widget-image\" data-id=\"43a26c8\" data-element_type=\"widget\" data-e-type=\"widget\" data-widget_type=\"image.default\">\n\t\t\t\t<div class=\"elementor-widget-container\">\n\t\t\t\t\t\t\t\t\t\t\t\t\t\t\t<img decoding=\"async\" width=\"1024\" height=\"1024\" src=\"https:\/\/js-jarocin.pl\/wp-content\/uploads\/2025\/12\/voucher-png-1024x1024.png\" class=\"attachment-large size-large wp-image-4384\" alt=\"\" srcset=\"https:\/\/js-jarocin.pl\/wp-content\/uploads\/2025\/12\/voucher-png-1024x1024.png 1024w, https:\/\/js-jarocin.pl\/wp-content\/uploads\/2025\/12\/voucher-png-300x300.png 300w, https:\/\/js-jarocin.pl\/wp-content\/uploads\/2025\/12\/voucher-png-150x150.png 150w, https:\/\/js-jarocin.pl\/wp-content\/uploads\/2025\/12\/voucher-png-768x768.png 768w, https:\/\/js-jarocin.pl\/wp-content\/uploads\/2025\/12\/voucher-png.png 1350w\" sizes=\"(max-width: 1024px) 100vw, 1024px\" \/>\t\t\t\t\t\t\t\t\t\t\t\t\t\t\t<\/div>\n\t\t\t\t<\/div>\n\t\t\t\t\t<\/div>\n\t\t<\/div>\n\t\t\t\t\t<\/div>\n\t\t<\/section>\n\t\t\t\t<\/div>\n\t\t","protected":false},"excerpt":{"rendered":"<p>VOUCHERY PREZENTOWE Szukasz\u00a0idealnego prezentu, ale nie masz pomys\u0142u? Mamy na to spos\u00f3b. Podaruj ukochanej osobie\u00a0prezent, kt\u00f3ry z pewno\u015bci\u0105 wykorzysta. Nasz voucher podarunkowy obejmuje ca\u0142y obiekt Jarocin Sport, co oznacza, \u017ce za wybran\u0105 przez Ciebie kwot\u0119 mo\u017cna go u\u017cy\u0107 nie tylko w Hotelu Jarota, czy Aquaparku, ale r\u00f3wnie\u017c w Restauracji&amp;Kr\u0119gielni Green Room, Lodowisku i w S\u0142onym [&hellip;]<\/p>\n","protected":false},"author":2,"featured_media":0,"parent":0,"menu_order":0,"comment_status":"closed","ping_status":"closed","template":"","meta":{"site-sidebar-layout":"no-sidebar","site-content-layout":"page-builder","ast-site-content-layout":"full-width-container","site-content-style":"default","site-sidebar-style":"default","ast-global-header-display":"","ast-banner-title-visibility":"","ast-main-header-display":"","ast-hfb-above-header-display":"","ast-hfb-below-header-display":"","ast-hfb-mobile-header-display":"","site-post-title":"disabled","ast-breadcrumbs-content":"","ast-featured-img":"disabled","footer-sml-layout":"","ast-disable-related-posts":"","theme-transparent-header-meta":"","adv-header-id-meta":"","stick-header-meta":"","header-above-stick-meta":"","header-main-stick-meta":"","header-below-stick-meta":"","astra-migrate-meta-layouts":"set","ast-page-background-enabled":"default","ast-page-background-meta":{"desktop":{"background-color":"var(--ast-global-color-4)","background-image":"","background-repeat":"repeat","background-position":"center center","background-size":"auto","background-attachment":"scroll","background-type":"","background-media":"","overlay-type":"","overlay-color":"","overlay-opacity":"","overlay-gradient":""},"tablet":{"background-color":"","background-image":"","background-repeat":"repeat","background-position":"center center","background-size":"auto","background-attachment":"scroll","background-type":"","background-media":"","overlay-type":"","overlay-color":"","overlay-opacity":"","overlay-gradient":""},"mobile":{"background-color":"","background-image":"","background-repeat":"repeat","background-position":"center center","background-size":"auto","background-attachment":"scroll","background-type":"","background-media":"","overlay-type":"","overlay-color":"","overlay-opacity":"","overlay-gradient":""}},"ast-content-background-meta":{"desktop":{"background-color":"var(--ast-global-color-5)","background-image":"","background-repeat":"repeat","background-position":"center center","background-size":"auto","background-attachment":"scroll","background-type":"","background-media":"","overlay-type":"","overlay-color":"","overlay-opacity":"","overlay-gradient":""},"tablet":{"background-color":"var(--ast-global-color-5)","background-image":"","background-repeat":"repeat","background-position":"center center","background-size":"auto","background-attachment":"scroll","background-type":"","background-media":"","overlay-type":"","overlay-color":"","overlay-opacity":"","overlay-gradient":""},"mobile":{"background-color":"var(--ast-global-color-5)","background-image":"","background-repeat":"repeat","background-position":"center center","background-size":"auto","background-attachment":"scroll","background-type":"","background-media":"","overlay-type":"","overlay-color":"","overlay-opacity":"","overlay-gradient":""}},"footnotes":""},"class_list":["post-3643","page","type-page","status-publish","hentry"],"yoast_head":"<!-- This site is optimized with the Yoast SEO plugin v27.4 - https:\/\/yoast.com\/product\/yoast-seo-wordpress\/ -->\n<title>Vouchery prezentowe \/ gad\u017cety - Jarocin-sport.com.pl<\/title>\n<meta name=\"robots\" content=\"index, follow, max-snippet:-1, max-image-preview:large, max-video-preview:-1\" \/>\n<link rel=\"canonical\" href=\"https:\/\/js-jarocin.pl\/index.php\/vouchery-prezentowe-gadzety\/\" \/>\n<meta property=\"og:locale\" content=\"pl_PL\" \/>\n<meta property=\"og:type\" content=\"article\" \/>\n<meta property=\"og:title\" content=\"Vouchery prezentowe \/ gad\u017cety - Jarocin-sport.com.pl\" \/>\n<meta property=\"og:description\" content=\"VOUCHERY PREZENTOWE Szukasz\u00a0idealnego prezentu, ale nie masz pomys\u0142u? Mamy na to spos\u00f3b. Podaruj ukochanej osobie\u00a0prezent, kt\u00f3ry z pewno\u015bci\u0105 wykorzysta. Nasz voucher podarunkowy obejmuje ca\u0142y obiekt Jarocin Sport, co oznacza, \u017ce za wybran\u0105 przez Ciebie kwot\u0119 mo\u017cna go u\u017cy\u0107 nie tylko w Hotelu Jarota, czy Aquaparku, ale r\u00f3wnie\u017c w Restauracji&amp;Kr\u0119gielni Green Room, Lodowisku i w S\u0142onym [&hellip;]\" \/>\n<meta property=\"og:url\" content=\"https:\/\/js-jarocin.pl\/index.php\/vouchery-prezentowe-gadzety\/\" \/>\n<meta property=\"og:site_name\" content=\"Jarocin-sport.com.pl\" \/>\n<meta property=\"article:modified_time\" content=\"2025-12-03T09:40:18+00:00\" \/>\n<meta property=\"og:image\" content=\"https:\/\/js-jarocin.pl\/wp-content\/uploads\/2025\/12\/voucher.jpg\" \/>\n\t<meta property=\"og:image:width\" content=\"1080\" \/>\n\t<meta property=\"og:image:height\" content=\"1080\" \/>\n\t<meta property=\"og:image:type\" content=\"image\/jpeg\" \/>\n<meta name=\"twitter:card\" content=\"summary_large_image\" \/>\n<meta name=\"twitter:label1\" content=\"Szacowany czas czytania\" \/>\n\t<meta name=\"twitter:data1\" content=\"1 minuta\" \/>\n<script type=\"application\/ld+json\" class=\"yoast-schema-graph\">{\"@context\":\"https:\\\/\\\/schema.org\",\"@graph\":[{\"@type\":\"WebPage\",\"@id\":\"https:\\\/\\\/js-jarocin.pl\\\/index.php\\\/vouchery-prezentowe-gadzety\\\/\",\"url\":\"https:\\\/\\\/js-jarocin.pl\\\/index.php\\\/vouchery-prezentowe-gadzety\\\/\",\"name\":\"Vouchery prezentowe \\\/ gad\u017cety - Jarocin-sport.com.pl\",\"isPartOf\":{\"@id\":\"https:\\\/\\\/js-jarocin.pl\\\/#website\"},\"primaryImageOfPage\":{\"@id\":\"https:\\\/\\\/js-jarocin.pl\\\/index.php\\\/vouchery-prezentowe-gadzety\\\/#primaryimage\"},\"image\":{\"@id\":\"https:\\\/\\\/js-jarocin.pl\\\/index.php\\\/vouchery-prezentowe-gadzety\\\/#primaryimage\"},\"thumbnailUrl\":\"https:\\\/\\\/js-jarocin.pl\\\/wp-content\\\/uploads\\\/2025\\\/12\\\/voucher-1024x1024.jpg\",\"datePublished\":\"2024-04-23T08:21:46+00:00\",\"dateModified\":\"2025-12-03T09:40:18+00:00\",\"breadcrumb\":{\"@id\":\"https:\\\/\\\/js-jarocin.pl\\\/index.php\\\/vouchery-prezentowe-gadzety\\\/#breadcrumb\"},\"inLanguage\":\"pl-PL\",\"potentialAction\":[{\"@type\":\"ReadAction\",\"target\":[\"https:\\\/\\\/js-jarocin.pl\\\/index.php\\\/vouchery-prezentowe-gadzety\\\/\"]}]},{\"@type\":\"ImageObject\",\"inLanguage\":\"pl-PL\",\"@id\":\"https:\\\/\\\/js-jarocin.pl\\\/index.php\\\/vouchery-prezentowe-gadzety\\\/#primaryimage\",\"url\":\"https:\\\/\\\/js-jarocin.pl\\\/wp-content\\\/uploads\\\/2025\\\/12\\\/voucher.jpg\",\"contentUrl\":\"https:\\\/\\\/js-jarocin.pl\\\/wp-content\\\/uploads\\\/2025\\\/12\\\/voucher.jpg\",\"width\":1080,\"height\":1080},{\"@type\":\"BreadcrumbList\",\"@id\":\"https:\\\/\\\/js-jarocin.pl\\\/index.php\\\/vouchery-prezentowe-gadzety\\\/#breadcrumb\",\"itemListElement\":[{\"@type\":\"ListItem\",\"position\":1,\"name\":\"Home\",\"item\":\"https:\\\/\\\/js-jarocin.pl\\\/\"},{\"@type\":\"ListItem\",\"position\":2,\"name\":\"Vouchery prezentowe \\\/ gad\u017cety\"}]},{\"@type\":\"WebSite\",\"@id\":\"https:\\\/\\\/js-jarocin.pl\\\/#website\",\"url\":\"https:\\\/\\\/js-jarocin.pl\\\/\",\"name\":\"Jarocin-sport.com.pl\",\"description\":\"Jarocin-sport\",\"potentialAction\":[{\"@type\":\"SearchAction\",\"target\":{\"@type\":\"EntryPoint\",\"urlTemplate\":\"https:\\\/\\\/js-jarocin.pl\\\/?s={search_term_string}\"},\"query-input\":{\"@type\":\"PropertyValueSpecification\",\"valueRequired\":true,\"valueName\":\"search_term_string\"}}],\"inLanguage\":\"pl-PL\"}]}<\/script>\n<!-- \/ Yoast SEO plugin. -->","yoast_head_json":{"title":"Vouchery prezentowe \/ gad\u017cety - Jarocin-sport.com.pl","robots":{"index":"index","follow":"follow","max-snippet":"max-snippet:-1","max-image-preview":"max-image-preview:large","max-video-preview":"max-video-preview:-1"},"canonical":"https:\/\/js-jarocin.pl\/index.php\/vouchery-prezentowe-gadzety\/","og_locale":"pl_PL","og_type":"article","og_title":"Vouchery prezentowe \/ gad\u017cety - Jarocin-sport.com.pl","og_description":"VOUCHERY PREZENTOWE Szukasz\u00a0idealnego prezentu, ale nie masz pomys\u0142u? Mamy na to spos\u00f3b. Podaruj ukochanej osobie\u00a0prezent, kt\u00f3ry z pewno\u015bci\u0105 wykorzysta. Nasz voucher podarunkowy obejmuje ca\u0142y obiekt Jarocin Sport, co oznacza, \u017ce za wybran\u0105 przez Ciebie kwot\u0119 mo\u017cna go u\u017cy\u0107 nie tylko w Hotelu Jarota, czy Aquaparku, ale r\u00f3wnie\u017c w Restauracji&amp;Kr\u0119gielni Green Room, Lodowisku i w S\u0142onym [&hellip;]","og_url":"https:\/\/js-jarocin.pl\/index.php\/vouchery-prezentowe-gadzety\/","og_site_name":"Jarocin-sport.com.pl","article_modified_time":"2025-12-03T09:40:18+00:00","og_image":[{"width":1080,"height":1080,"url":"https:\/\/js-jarocin.pl\/wp-content\/uploads\/2025\/12\/voucher.jpg","type":"image\/jpeg"}],"twitter_card":"summary_large_image","twitter_misc":{"Szacowany czas czytania":"1 minuta"},"schema":{"@context":"https:\/\/schema.org","@graph":[{"@type":"WebPage","@id":"https:\/\/js-jarocin.pl\/index.php\/vouchery-prezentowe-gadzety\/","url":"https:\/\/js-jarocin.pl\/index.php\/vouchery-prezentowe-gadzety\/","name":"Vouchery prezentowe \/ gad\u017cety - Jarocin-sport.com.pl","isPartOf":{"@id":"https:\/\/js-jarocin.pl\/#website"},"primaryImageOfPage":{"@id":"https:\/\/js-jarocin.pl\/index.php\/vouchery-prezentowe-gadzety\/#primaryimage"},"image":{"@id":"https:\/\/js-jarocin.pl\/index.php\/vouchery-prezentowe-gadzety\/#primaryimage"},"thumbnailUrl":"https:\/\/js-jarocin.pl\/wp-content\/uploads\/2025\/12\/voucher-1024x1024.jpg","datePublished":"2024-04-23T08:21:46+00:00","dateModified":"2025-12-03T09:40:18+00:00","breadcrumb":{"@id":"https:\/\/js-jarocin.pl\/index.php\/vouchery-prezentowe-gadzety\/#breadcrumb"},"inLanguage":"pl-PL","potentialAction":[{"@type":"ReadAction","target":["https:\/\/js-jarocin.pl\/index.php\/vouchery-prezentowe-gadzety\/"]}]},{"@type":"ImageObject","inLanguage":"pl-PL","@id":"https:\/\/js-jarocin.pl\/index.php\/vouchery-prezentowe-gadzety\/#primaryimage","url":"https:\/\/js-jarocin.pl\/wp-content\/uploads\/2025\/12\/voucher.jpg","contentUrl":"https:\/\/js-jarocin.pl\/wp-content\/uploads\/2025\/12\/voucher.jpg","width":1080,"height":1080},{"@type":"BreadcrumbList","@id":"https:\/\/js-jarocin.pl\/index.php\/vouchery-prezentowe-gadzety\/#breadcrumb","itemListElement":[{"@type":"ListItem","position":1,"name":"Home","item":"https:\/\/js-jarocin.pl\/"},{"@type":"ListItem","position":2,"name":"Vouchery prezentowe \/ gad\u017cety"}]},{"@type":"WebSite","@id":"https:\/\/js-jarocin.pl\/#website","url":"https:\/\/js-jarocin.pl\/","name":"Jarocin-sport.com.pl","description":"Jarocin-sport","potentialAction":[{"@type":"SearchAction","target":{"@type":"EntryPoint","urlTemplate":"https:\/\/js-jarocin.pl\/?s={search_term_string}"},"query-input":{"@type":"PropertyValueSpecification","valueRequired":true,"valueName":"search_term_string"}}],"inLanguage":"pl-PL"}]}},"rttpg_featured_image_url":null,"rttpg_author":{"display_name":"serwis","author_link":"https:\/\/js-jarocin.pl\/index.php\/author\/serwis\/"},"rttpg_comment":0,"rttpg_category":null,"rttpg_excerpt":"VOUCHERY PREZENTOWE Szukasz\u00a0idealnego prezentu, ale nie masz pomys\u0142u? Mamy na to spos\u00f3b. Podaruj ukochanej osobie\u00a0prezent, kt\u00f3ry z pewno\u015bci\u0105 wykorzysta. Nasz voucher podarunkowy obejmuje ca\u0142y obiekt Jarocin Sport, co oznacza, \u017ce za wybran\u0105 przez Ciebie kwot\u0119 mo\u017cna go u\u017cy\u0107 nie tylko w Hotelu Jarota, czy Aquaparku, ale r\u00f3wnie\u017c w Restauracji&amp;Kr\u0119gielni Green Room, Lodowisku i w S\u0142onym&hellip;","_links":{"self":[{"href":"https:\/\/js-jarocin.pl\/index.php\/wp-json\/wp\/v2\/pages\/3643","targetHints":{"allow":["GET"]}}],"collection":[{"href":"https:\/\/js-jarocin.pl\/index.php\/wp-json\/wp\/v2\/pages"}],"about":[{"href":"https:\/\/js-jarocin.pl\/index.php\/wp-json\/wp\/v2\/types\/page"}],"author":[{"embeddable":true,"href":"https:\/\/js-jarocin.pl\/index.php\/wp-json\/wp\/v2\/users\/2"}],"replies":[{"embeddable":true,"href":"https:\/\/js-jarocin.pl\/index.php\/wp-json\/wp\/v2\/comments?post=3643"}],"version-history":[{"count":4,"href":"https:\/\/js-jarocin.pl\/index.php\/wp-json\/wp\/v2\/pages\/3643\/revisions"}],"predecessor-version":[{"id":4387,"href":"https:\/\/js-jarocin.pl\/index.php\/wp-json\/wp\/v2\/pages\/3643\/revisions\/4387"}],"wp:attachment":[{"href":"https:\/\/js-jarocin.pl\/index.php\/wp-json\/wp\/v2\/media?parent=3643"}],"curies":[{"name":"wp","href":"https:\/\/api.w.org\/{rel}","templated":true}]}}